{"id":353,"date":"2025-04-16T10:09:54","date_gmt":"2025-04-16T07:09:54","guid":{"rendered":"https:\/\/onalotomasyon.com\/?page_id=353"},"modified":"2025-09-14T09:12:15","modified_gmt":"2025-09-14T06:12:15","slug":"hakkimizda","status":"publish","type":"page","link":"https:\/\/onalotomasyon.com\/index.php\/hakkimizda\/","title":{"rendered":"Hakk\u0131m\u0131zda"},"content":{"rendered":"\t\t<div data-elementor-type=\"wp-page\" data-elementor-id=\"353\" class=\"elementor elementor-353\">\n\t\t\t\t<div class=\"elementor-element elementor-element-393af57 e-flex e-con-boxed e-con e-parent\" data-id=\"393af57\" data-element_type=\"container\" data-e-type=\"container\">\n\t\t\t\t\t<div class=\"e-con-inner\">\n\t\t\t\t<div class=\"elementor-element elementor-element-9f6ee92 elementor-widget elementor-widget-image\" data-id=\"9f6ee92\" data-element_type=\"widget\" data-e-type=\"widget\" data-widget_type=\"image.default\">\n\t\t\t\t<div class=\"elementor-widget-container\">\n\t\t\t\t\t\t\t\t\t\t\t\t\t\t\t<img fetchpriority=\"high\" decoding=\"async\" width=\"768\" height=\"247\" src=\"https:\/\/onalotomasyon.com\/wp-content\/uploads\/2025\/04\/logo-768x247.jpg\" class=\"attachment-medium_large size-medium_large wp-image-340\" alt=\"OnAl Otomasyon | Logo\" srcset=\"https:\/\/onalotomasyon.com\/wp-content\/uploads\/2025\/04\/logo-768x247.jpg 768w, https:\/\/onalotomasyon.com\/wp-content\/uploads\/2025\/04\/logo-300x97.jpg 300w, https:\/\/onalotomasyon.com\/wp-content\/uploads\/2025\/04\/logo.jpg 1000w\" sizes=\"(max-width: 768px) 100vw, 768px\" \/>\t\t\t\t\t\t\t\t\t\t\t\t\t\t\t<\/div>\n\t\t\t\t<\/div>\n\t\t\t\t\t<\/div>\n\t\t\t\t<\/div>\n\t\t<div class=\"elementor-element elementor-element-3e6ad1b e-flex e-con-boxed e-con e-parent\" data-id=\"3e6ad1b\" data-element_type=\"container\" data-e-type=\"container\">\n\t\t\t\t\t<div class=\"e-con-inner\">\n\t\t\t\t<div class=\"elementor-element elementor-element-d2bbd37 elementor-widget elementor-widget-spacer\" data-id=\"d2bbd37\" data-element_type=\"widget\" data-e-type=\"widget\" data-widget_type=\"spacer.default\">\n\t\t\t\t<div class=\"elementor-widget-container\">\n\t\t\t\t\t\t\t<div class=\"elementor-spacer\">\n\t\t\t<div class=\"elementor-spacer-inner\"><\/div>\n\t\t<\/div>\n\t\t\t\t\t\t<\/div>\n\t\t\t\t<\/div>\n\t\t\t\t\t<\/div>\n\t\t\t\t<\/div>\n\t\t<div class=\"elementor-element elementor-element-4bba41e e-flex e-con-boxed e-con e-parent\" data-id=\"4bba41e\" data-element_type=\"container\" data-e-type=\"container\">\n\t\t\t\t\t<div class=\"e-con-inner\">\n\t\t\t\t<div class=\"elementor-element elementor-element-b553e1f elementor-widget elementor-widget-text-editor\" data-id=\"b553e1f\" data-element_type=\"widget\" data-e-type=\"widget\" data-widget_type=\"text-editor.default\">\n\t\t\t\t<div class=\"elementor-widget-container\">\n\t\t\t\t\t\t\t\t\t<h1 data-start=\"84\" data-end=\"125\">OnAl Otomasyon ve Yaz\u0131l\u0131m<\/h1><p class=\"\" data-start=\"127\" data-end=\"291\"><strong data-start=\"127\" data-end=\"156\">OnAl Otomasyon ve Yaz\u0131l\u0131m<\/strong>, 2024 y\u0131l\u0131nda yerli m\u00fchendisler taraf\u0131ndan kurulmu\u015f, end\u00fcstriyel otomasyon alan\u0131nda yenilik\u00e7i \u00e7\u00f6z\u00fcmler sunan bir teknoloji firmas\u0131d\u0131r.<\/p><p class=\"\" data-start=\"293\" data-end=\"605\">Silo otomasyon sistemleri, silo s\u0131cakl\u0131k \u00f6l\u00e7\u00fcm teknolojileri, PLC ve SCADA yaz\u0131l\u0131mlar\u0131, veri toplama ve analiz sistemleri gibi kritik alanlarda uzmanla\u015fm\u0131\u015f dinamik bir ekiple \u00e7al\u0131\u015f\u0131yoruz. M\u00fc\u015fterilerimize; tar\u0131m ve sanayi sekt\u00f6rlerinde verimlili\u011fi art\u0131ran, s\u00fcrd\u00fcr\u00fclebilir ve g\u00fcvenli \u00e7\u00f6z\u00fcmler sunmay\u0131 hedefliyoruz.<\/p>\t\t\t\t\t\t\t\t<\/div>\n\t\t\t\t<\/div>\n\t\t\t\t\t<\/div>\n\t\t\t\t<\/div>\n\t\t<div class=\"elementor-element elementor-element-1abc631 e-flex e-con-boxed e-con e-parent\" data-id=\"1abc631\" data-element_type=\"container\" data-e-type=\"container\">\n\t\t\t\t\t<div class=\"e-con-inner\">\n\t\t\t\t<div class=\"elementor-element elementor-element-e6d7e3f elementor-widget elementor-widget-text-editor\" data-id=\"e6d7e3f\" data-element_type=\"widget\" data-e-type=\"widget\" data-widget_type=\"text-editor.default\">\n\t\t\t\t<div class=\"elementor-widget-container\">\n\t\t\t\t\t\t\t\t\t<h1 data-start=\"1206\" data-end=\"1232\">Yerli \u00dcretime Destek<\/h1><p class=\"\" data-start=\"1233\" data-end=\"1430\">OnAl Otomasyon olarak milli teknolojilerin geli\u015fimine katk\u0131 sa\u011flamay\u0131 bir g\u00f6rev biliyoruz. Yabanc\u0131 \u00fcr\u00fcnlerin yerlile\u015ftirilmesi ve \u00fclkemizin teknoloji altyap\u0131s\u0131n\u0131n g\u00fc\u00e7lendirilmesi i\u00e7in \u00e7al\u0131\u015f\u0131yoruz.<\/p>\t\t\t\t\t\t\t\t<\/div>\n\t\t\t\t<\/div>\n\t\t\t\t<div class=\"elementor-element elementor-element-adf87f8 elementor-widget elementor-widget-text-editor\" data-id=\"adf87f8\" data-element_type=\"widget\" data-e-type=\"widget\" data-widget_type=\"text-editor.default\">\n\t\t\t\t<div class=\"elementor-widget-container\">\n\t\t\t\t\t\t\t\t\t<h1 data-start=\"607\" data-end=\"623\">Vizyonumuz<\/h1><p class=\"\" data-start=\"624\" data-end=\"796\">T\u00fcrkiye\u2019nin ve b\u00f6lgenin en g\u00fcvenilir otomasyon teknoloji markalar\u0131ndan biri olmak. Yerli yaz\u0131l\u0131m ve donan\u0131m \u00e7\u00f6z\u00fcmleriyle k\u00fcresel \u00f6l\u00e7ekte rekabet edebilir sistemler \u00fcretmek.<\/p>\t\t\t\t\t\t\t\t<\/div>\n\t\t\t\t<\/div>\n\t\t\t\t\t<\/div>\n\t\t\t\t<\/div>\n\t\t<div class=\"elementor-element elementor-element-3e3091e e-flex e-con-boxed e-con e-parent\" data-id=\"3e3091e\" data-element_type=\"container\" data-e-type=\"container\">\n\t\t\t\t\t<div class=\"e-con-inner\">\n\t\t\t\t<div class=\"elementor-element elementor-element-ea9e2ef elementor-widget elementor-widget-text-editor\" data-id=\"ea9e2ef\" data-element_type=\"widget\" data-e-type=\"widget\" data-widget_type=\"text-editor.default\">\n\t\t\t\t<div class=\"elementor-widget-container\">\n\t\t\t\t\t\t\t\t\t<h1 data-start=\"798\" data-end=\"814\">Misyonumuz<\/h1><p class=\"\" data-start=\"815\" data-end=\"993\">Y\u00fcksek performansl\u0131 ama gereksiz maliyetten ka\u00e7\u0131nan, b\u00fct\u00e7eye uygun ve uzun vadede tasarruf sa\u011flayan \u00e7\u00f6z\u00fcmler sunmak. Teknolojiye yat\u0131r\u0131m yaparken milli de\u011ferlere ba\u011fl\u0131 kalmak ve d\u0131\u015fa ba\u011f\u0131ml\u0131l\u0131\u011f\u0131 azaltmak.<\/p>\t\t\t\t\t\t\t\t<\/div>\n\t\t\t\t<\/div>\n\t\t\t\t\t<\/div>\n\t\t\t\t<\/div>\n\t\t<div class=\"elementor-element elementor-element-970a832 e-flex e-con-boxed e-con e-parent\" data-id=\"970a832\" data-element_type=\"container\" data-e-type=\"container\">\n\t\t\t\t\t<div class=\"e-con-inner\">\n\t\t<div class=\"elementor-element elementor-element-d1edbc5 e-con-full e-flex e-con e-child\" data-id=\"d1edbc5\" data-element_type=\"container\" data-e-type=\"container\">\n\t\t\t\t<div class=\"elementor-element elementor-element-0d3d56a elementor-widget elementor-widget-text-editor\" data-id=\"0d3d56a\" data-element_type=\"widget\" data-e-type=\"widget\" data-widget_type=\"text-editor.default\">\n\t\t\t\t<div class=\"elementor-widget-container\">\n\t\t\t\t\t\t\t\t\t<h1 data-start=\"995\" data-end=\"1019\">Uzmanl\u0131k Alanlar\u0131m\u0131z<\/h1><ul><li data-start=\"1022\" data-end=\"1049\">Silo Otomasyon Sistemleri<\/li><li data-start=\"1052\" data-end=\"1089\">S\u0131cakl\u0131k \u0130zleme ve Alarm Sistemleri<\/li><li data-start=\"1092\" data-end=\"1132\">PLC Yaz\u0131l\u0131mlar\u0131 ve End\u00fcstriyel Kontrol<\/li><li data-start=\"1135\" data-end=\"1158\">SCADA Sistem Tasar\u0131m\u0131<\/li><li data-start=\"1161\" data-end=\"1204\">Veri Toplama, Raporlama ve Analiz \u00c7\u00f6z\u00fcmleri<\/li><\/ul>\t\t\t\t\t\t\t\t<\/div>\n\t\t\t\t<\/div>\n\t\t\t\t<\/div>\n\t\t<div class=\"elementor-element elementor-element-8bb3a99 e-con-full e-flex e-con e-child\" data-id=\"8bb3a99\" data-element_type=\"container\" data-e-type=\"container\">\n\t\t\t\t<div class=\"elementor-element elementor-element-00c15c6 elementor-widget elementor-widget-text-editor\" data-id=\"00c15c6\" data-element_type=\"widget\" data-e-type=\"widget\" data-widget_type=\"text-editor.default\">\n\t\t\t\t<div class=\"elementor-widget-container\">\n\t\t\t\t\t\t\t\t\t<h1 data-start=\"76\" data-end=\"91\">Neden OnAl?<\/h1><ul><li data-start=\"94\" data-end=\"127\">Alan\u0131nda uzman m\u00fchendis kadrosu<\/li><li data-start=\"130\" data-end=\"168\">Proje bazl\u0131, ihtiya\u00e7 odakl\u0131 \u00e7\u00f6z\u00fcmler<\/li><li data-start=\"171\" data-end=\"199\">Y\u00fcksek m\u00fc\u015fteri memnuniyeti<\/li><li data-start=\"202\" data-end=\"232\">Yerli \u00fcretim odakl\u0131 yakla\u015f\u0131m<\/li><li data-start=\"235\" data-end=\"288\">H\u0131zl\u0131 teknik destek ve s\u00fcrd\u00fcr\u00fclebilir hizmet anlay\u0131\u015f\u0131<\/li><\/ul>\t\t\t\t\t\t\t\t<\/div>\n\t\t\t\t<\/div>\n\t\t\t\t<\/div>\n\t\t\t\t\t<\/div>\n\t\t\t\t<\/div>\n\t\t\t\t<\/div>\n\t\t","protected":false},"excerpt":{"rendered":"<p>OnAl Otomasyon ve Yaz\u0131l\u0131m OnAl Otomasyon ve Yaz\u0131l\u0131m, 2024 y\u0131l\u0131nda yerli m\u00fchendisler taraf\u0131ndan kurulmu\u015f, end\u00fcstriyel otomasyon alan\u0131nda yenilik\u00e7i \u00e7\u00f6z\u00fcmler sunan bir teknoloji firmas\u0131d\u0131r. Silo otomasyon sistemleri, silo s\u0131cakl\u0131k \u00f6l\u00e7\u00fcm teknolojileri, PLC ve SCADA yaz\u0131l\u0131mlar\u0131, veri toplama ve analiz sistemleri gibi kritik alanlarda uzmanla\u015fm\u0131\u015f dinamik bir ekiple \u00e7al\u0131\u015f\u0131yoruz. M\u00fc\u015fterilerimize; tar\u0131m ve sanayi sekt\u00f6rlerinde verimlili\u011fi art\u0131ran, s\u00fcrd\u00fcr\u00fclebilir [&hellip;]<\/p>\n","protected":false},"author":1,"featured_media":0,"parent":0,"menu_order":0,"comment_status":"closed","ping_status":"closed","template":"elementor_canvas","meta":{"_monsterinsights_skip_tracking":false,"_monsterinsights_sitenote_active":false,"_monsterinsights_sitenote_note":"","_monsterinsights_sitenote_category":0,"footnotes":""},"class_list":["post-353","page","type-page","status-publish","hentry"],"aioseo_notices":[],"_links":{"self":[{"href":"https:\/\/onalotomasyon.com\/index.php\/wp-json\/wp\/v2\/pages\/353","targetHints":{"allow":["GET"]}}],"collection":[{"href":"https:\/\/onalotomasyon.com\/index.php\/wp-json\/wp\/v2\/pages"}],"about":[{"href":"https:\/\/onalotomasyon.com\/index.php\/wp-json\/wp\/v2\/types\/page"}],"author":[{"embeddable":true,"href":"https:\/\/onalotomasyon.com\/index.php\/wp-json\/wp\/v2\/users\/1"}],"replies":[{"embeddable":true,"href":"https:\/\/onalotomasyon.com\/index.php\/wp-json\/wp\/v2\/comments?post=353"}],"version-history":[{"count":8,"href":"https:\/\/onalotomasyon.com\/index.php\/wp-json\/wp\/v2\/pages\/353\/revisions"}],"predecessor-version":[{"id":385,"href":"https:\/\/onalotomasyon.com\/index.php\/wp-json\/wp\/v2\/pages\/353\/revisions\/385"}],"wp:attachment":[{"href":"https:\/\/onalotomasyon.com\/index.php\/wp-json\/wp\/v2\/media?parent=353"}],"curies":[{"name":"wp","href":"https:\/\/api.w.org\/{rel}","templated":true}]}}